 240 = a. Calculate the greatest common factor of a and x.
48
Suppose 0*t - 6 = -3*t. Suppose -t*i - q = -680, 6*i - 2*i - 1348 = -5*q. Suppose 16*d + 39 - 647 = 0. What is the greatest common divisor of d and i?
38
Suppose -38862 = -24*p - 38382. Calculate the highest common factor of p and 565.
5
Suppose 213 = 4*i - 353*z + 358*z, -4*i + 212 = 4*z. Calculate the greatest common factor of 7956 and i.
52
Let b(m) = 16 - 344 - 15*m + 185. Let r be b(-17). Calculate the greatest common divisor of r and 280.
56
Let b = 8460 - 8438. Let v be (-2 + -1)/((-6)/164). Suppose -3*a + v = -116. What is the greatest common factor of a and b?
22
Let p(j) = j**3 - 22*j**2 - 132*j + 9. Let w be p(27). What is the highest common divisor of 13590 and w?
90
Suppose v + 51*d - 50*d - 1906 = 0, 0 = -2*v - 3*d + 3810. What is the highest common factor of v and 2332?
212
Suppose 11*i - 96847 + 18767 = -9*i. What is the greatest common divisor of 61 and i?
61
Suppose -u - 138 = -5*a, -2*u = 6*a - a - 144. Let i = -1952 - -1973. What is the greatest common divisor of a and i?
7
Let b(m) = -8*m**2 + 2*m + 1. Let u(q) = -q**2 + q. Let n(a) = -b(a) + 5*u(a). Let h = 17 + -15. Let i be n(h). What is the highest common factor of i and 51?
17
Let r(v) = 8*v**2 + 50*v + 73. Let s be r(-5). Calculate the highest common factor of 79 and s.
1
Let h(y) = -24*y**2 + 1509*y - 140. Let d be h(60). What is the highest common factor of 1250 and d?
250
Suppose 65*f = 212 + 4468. Calculate the greatest common divisor of f and 198.
18
Let m(s) = 2*s + 5. Suppose -7 = -6*k + 23. Suppose u = k*u - 4. Let z be m(u). What is the highest common factor of z and 21?
7
Suppose 1410 = -369*z + 51594. Suppose 2*m = 6*m + 16. Let y be (2/6)/(m/(-204)). What is the greatest common factor of z and y?
17
Let o(m) = -m**2 - 20*m + 159. Let z be o(-23). Calculate the greatest common factor of z and 230.
10
Suppose 6 = -17*c + 20*c. Suppose -2*a + 2*w + 91 = 3*a, -3*w + 25 = c*a. Calculate the highest common factor of 51 and a.
17
Suppose -8629 = 49*z - 10638. Calculate the greatest common divisor of z and 1681.
41
Suppose -45*t = 568 - 5518. Calculate the greatest common divisor of 682 and t.
22
Suppose 149*y + 5 = 154*y. Let a be 80/(15/(-20) + y). What is the greatest common divisor of 128 and a?
64
Suppose 2*i - 3*i - 169 = -b, 507 = 3*b + 3*i. Let q(v) = -v**3 - 46*v**2 - 230*v - 10528. Let l be q(-46). What is the highest common factor of b and l?
13
Let w = 40 + 104. Suppose -787 = -512*k + 510*k + 5*q, 0 = 2*k - 3*q - 789. What is the highest common divisor of k and w?
36
Suppose 5*b - 390 = 4*f, 0 = -b - 2*b + 6*f + 234. Suppose 81 = 5*u - 4*k, u - 5*k + 2*k = 25. What is the highest common factor of u and b?
13
Suppose 3*p - 15 = -3*i, 30 - 7 = 5*p + 4*i. Suppose -29*k + 5*k = -600. Let a be 15/p*15/k. What is the greatest common divisor of 6 and a?
3
Suppose 0 = -4*w + 3*w + 50. Let q be (25050/668)/(3/32). What is the greatest common factor of w and q?
50
Suppose 0 = -54*a + 50*a + 36. Suppose -a*u + 102 = -12*u. Let m = -27 - u. What is the highest common divisor of 14 and m?
7
Suppose -8*s + 268 + 9 + 603 = 0. Suppose -5*v = -2*v - 3*w - 864, 0 = w + 2. What is the highest common divisor of s and v?
22
Suppose 95*o = 98*o - 8*d - 206, 0 = 4*o - 3*d - 244. Calculate the highest common factor of 2059 and o.
29
Let t be ((-5)/(100/(-24)))/((-50)/(-4500)). Let g = -3 - -87. What is the greatest common factor of t and g?
12
Suppose -16*p + 540 = -11*p. Suppose p = 11*b - 156. Calculate the highest common divisor of b and 48.
24
Let f(o) = -o**2 - 21*o + 8. Suppose 105 = -d - 4*d. Let l be f(d). What is the highest common divisor of 88 and l?
8
Let g be 4*4/80 + 50796/20. What is the highest common factor of 80 and g?
20
Let p be -4*(-9 - -4) + 0. Let h = 32 - 30. What is the greatest common factor of p and h?
2
Suppose 4*j - 288 = -q, -5*j + 83 = -4*q - 298. What is the highest common divisor of j and 2993?
73
Let k(z) = z**3 - 9*z**2 + 13*z + 10. Suppose -2*p = 2*p - 32. Let i be k(p). Suppose -2*m + i = -10. Calculate the highest common divisor of m and 20.
10
Suppose -6*b + 2126 = -148. Let p = 383 - b. What is the highest common divisor of 324 and p?
4
Let r = -17 + 23. Let w be 1/(-8)*r*-4. Let z be 8 - w/2*2. Calculate the greatest common factor of 2 and z.
1
Let g = 7 + -4. Suppose 3*s = 6, m - 2*s = 2*s + g. Suppose 461 = 4*p - 3*c - 7, 225 = 3*p + 3*c. Calculate the greatest common factor of p and m.
11
Suppose -4*d - 3*s + 2853 = 0, 373 = -2*d + s + 1792. Suppose 165 = -13*i + d. What is the greatest common divisor of i and 714?
42
Let s = 304 + -300. Suppose -7 = -z - r, -s*r + 3*r - 2 = 0. Suppose -5*h + 61 = 16. What is the greatest common factor of z and h?
9
Let b(w) be the first derivative of 2*w**3/3 - 3*w**2/2 + 30*w - 268. Let d be b(0). Calculate the highest common factor of d and 465.
15
Let g be 6*(-2 - 66/(-18)). Let r be ((-90)/(-25))/(2/15). Let l be (-182)/(-6) - 9/r. What is the greatest common divisor of g and l?
10
Let g = -268 + 312. Calculate the greatest common divisor of 946 and g.
22
Suppose 3*z - 24 = -5*x + 22, 0 = 5*x - 2*z - 11. Calculate the greatest common divisor of x and 6905.
5
Let a(k) = 62*k + 1047. Let t be a(-15). Calculate the greatest common divisor of 39 and t.
39
Suppose 26 - 6 = 4*g. Suppose 0 = -4*s - 0*s - 88. Let m = s + 57. What is the greatest common divisor of g and m?
5
Suppose 5*k - 218 - 182 = 0. Suppose -3*z + 262*t + 1536 = 266*t, -t = 6. What is the highest common factor of k and z?
40
Suppose 8*p = -16*p + 2256. Suppose 395 = 5*t + 5*f, -t = 5*f - 7*f - p. What is the greatest common factor of t and 18?
6
Let j be 153/(-17) + (-4 - -3) - -430. Calculate the greatest common divisor of j and 510.
30
Suppose 3*o = -3*p + 285, 7*o = 5*o - 4*p + 186. Let m = -85 + o. What is the greatest common factor of 33 and m?
3
Suppose 0 = 66*h - 129*h + 63. Let y be 1*-2 - 68/2. Let c be (h/4*-15)/(9/y). Calculate the greatest common factor of c and 120.
15
Let t(k) = k**3 + k**2 - 2*k. Let y be t(3). Let m be (-8 - -11) + (55 - (9 - 1)). Calculate the highest common factor of m and y.
10
Suppose -4*t - 2219*h = -2218*h - 750, -2*t - 5*h = -366. What is the greatest common divisor of t and 893?
47
Let s(j) = -j**3 + j**2 + j + 13. Let q be s(3). Let t = q + 18. Calculate the highest common divisor of 1 and t.
1
Suppose -14*y - 4*n + 140 = -9*y, 0 = n + 5. Let x(w) = -2*w**3 - 4*w**2 - 5*w - 8. Let h be x(-8). What is the highest common divisor of h and y?
32
Suppose -36 = -4*q, -2*l - 4570*q = -4565*q - 141627. Calculate the greatest common factor of l and 21.
21
Suppose 10*d - 4*r = 7*d + 77965, -r = 5*d - 129980. What is the highest common factor of d and 15?
15
Let g(y) = 25*y**2 - 744*y + 32. Let s be g(30). Calculate the greatest common divisor of s and 2014.
106
Let f = -4619 + 4622. Calculate the greatest common divisor of 879 and f.
3
Let a(j) = -6*j - 46 + 51 + 25. Let p be a(-11). Calculate the highest common factor of 6 and p.
6
Let z(v) = -v + 8. Let x be z(5). Let y be (2 - (x - 6)) + -2 - -37. Calculate the greatest common factor of 70 and y.
10
Let l(m) = 20*m + 7 - 3*m + 12*m**2 - 9. Let d be l(-2). Suppose -3*j = -d - 33. Calculate the highest common divisor of 120 and j.
15
Let b(h) = -5*h**3 - 11*h**2 + 10*h + 105. Let q be b(-8). Suppose 133*d + q = 144*d. Calculate the highest common divisor of 36 and d.
9
Let v(l) = 101*l**2 - l - 2. Let x be v(1). What is the greatest common divisor of x and 42?
14
Suppose 0 = -3*g - 0*g + 72. Let p(r) = -52 + 0*r + 38 + r. Let u be p(17). Calculate the greatest common divisor of g and u.
3
Let v be (-6)/4*1*-2. Suppose 5*w = w + 2*r + 56, -3*r - 42 = -v*w. Let x(n) = -2*n + 14. Let a be x(-7). What is the highest common divisor of a and w?
14
Suppose s = -4*x - 971, -499 = 2*x - 0*x + 5*s. Let w = x + 257. Calculate the highest common divisor of 315 and w.
15
Let m(z) = 4*z**3 - 6*z**2 + 3*z + 4. Let j be m(4). Let n = -146 + j. Let u be 990/(-4)*(-4)/3. What is the highest common factor of n and u?
30
Suppose -4*s + 3*v - 29 + 217 = 0, -v = 4*s - 204. Let a be s/40 - (-2)/(-8). Let r be 259 - (a/(-1) + 2). Calculate the greatest common divisor of r and 43.
43
Let j be 128/3 - (-1)/3